{"id":139,"date":"2020-02-15T21:21:02","date_gmt":"2020-02-15T19:21:02","guid":{"rendered":"https:\/\/csf.filosofie.unibuc.ro\/?page_id=139"},"modified":"2023-07-03T23:39:16","modified_gmt":"2023-07-03T21:39:16","slug":"membri","status":"publish","type":"page","link":"https:\/\/csf.filosofie.unibuc.ro\/?page_id=139","title":{"rendered":"MEMBRI"},"content":{"rendered":"<p>&nbsp;<\/p>\n<p><a href=\"https:\/\/csf.filosofie.unibuc.ro\/?page_id=192\">dr. Alexandru Bejinariu<\/a><\/p>\n<p><a href=\"https:\/\/csf.filosofie.unibuc.ro\/wp-content\/uploads\/2020\/03\/CV-Raluca-Bujor-RO.pdf\">dr. Raluca Bujor<\/a><\/p>\n<p><a href=\"https:\/\/csf.filosofie.unibuc.ro\/?page_id=654\">dr. M\u0103d\u0103lina Guzun<\/a><\/p>\n<p><a href=\"https:\/\/csf.filosofie.unibuc.ro\/?page_id=207\">dr. Bogdan Minc\u0103<\/a><\/p>\n<p><a href=\"https:\/\/csf.filosofie.unibuc.ro\/wp-content\/uploads\/2023\/07\/CV-Octavian-Puric-4.pdf\">dr. Octavian Puric<\/a><\/p>\n<p><a href=\"https:\/\/csf.filosofie.unibuc.ro\/wp-content\/uploads\/2020\/10\/Visotchi_CV.pdf\">Vasile Viso\u021bchi, M.A.<\/a><\/p>\n","protected":false},"excerpt":{"rendered":"<p>&nbsp; dr. Alexandru Bejinariu dr. Raluca Bujor dr. M\u0103d\u0103lina Guzun dr. Bogdan Minc\u0103 dr. Octavian Puric Vasile Viso\u021bchi, M.A.<\/p>\n","protected":false},"author":1,"featured_media":0,"parent":0,"menu_order":0,"comment_status":"closed","ping_status":"closed","template":"","meta":{"footnotes":""},"class_list":["post-139","page","type-page","status-publish","hentry"],"_links":{"self":[{"href":"https:\/\/csf.filosofie.unibuc.ro\/index.php?rest_route=\/wp\/v2\/pages\/139","targetHints":{"allow":["GET"]}}],"collection":[{"href":"https:\/\/csf.filosofie.unibuc.ro\/index.php?rest_route=\/wp\/v2\/pages"}],"about":[{"href":"https:\/\/csf.filosofie.unibuc.ro\/index.php?rest_route=\/wp\/v2\/types\/page"}],"author":[{"embeddable":true,"href":"https:\/\/csf.filosofie.unibuc.ro\/index.php?rest_route=\/wp\/v2\/users\/1"}],"replies":[{"embeddable":true,"href":"https:\/\/csf.filosofie.unibuc.ro\/index.php?rest_route=%2Fwp%2Fv2%2Fcomments&post=139"}],"version-history":[{"count":15,"href":"https:\/\/csf.filosofie.unibuc.ro\/index.php?rest_route=\/wp\/v2\/pages\/139\/revisions"}],"predecessor-version":[{"id":840,"href":"https:\/\/csf.filosofie.unibuc.ro\/index.php?rest_route=\/wp\/v2\/pages\/139\/revisions\/840"}],"wp:attachment":[{"href":"https:\/\/csf.filosofie.unibuc.ro\/index.php?rest_route=%2Fwp%2Fv2%2Fmedia&parent=139"}],"curies":[{"name":"wp","href":"https:\/\/api.w.org\/{rel}","templated":true}]}}