{"id":575,"date":"2020-10-08T12:02:59","date_gmt":"2020-10-08T10:02:59","guid":{"rendered":"https:\/\/csf.filosofie.unibuc.ro\/?page_id=575"},"modified":"2021-11-24T12:00:42","modified_gmt":"2021-11-24T10:00:42","slug":"heidegger-si-heraclit","status":"publish","type":"page","link":"https:\/\/csf.filosofie.unibuc.ro\/?page_id=575","title":{"rendered":"Heidegger \u0219i Heraclit (2019\/2020, sem. I)"},"content":{"rendered":"<p>&nbsp;<\/p>\n<p>Dr. M\u0103d\u0103lina Guzun<\/p>\n<p><strong>\u00a0<\/strong><\/p>\n<p><strong><em>Heidegger \u0219i Heraclit<\/em><\/strong><\/p>\n<p>Anul universitar 2019 \u2013 2020, Semestrul I<\/p>\n<p>&nbsp;<\/p>\n<p><strong>Prezentarea cursului<\/strong><\/p>\n<p>Cursul de fa\u021b\u0103 \u00ee\u0219i propune o nou\u0103 abordare a temei <em>logos<\/em>-ului, a\u0219a cum apare la Heraclit \u00een interpretarea lui Martin Heidegger. Fragmentul heraclitean pe care \u00eel vom urm\u0103ri de-a lungul cursului va fi Fragmentul 50, <em>Ouk emou, alla tou logou akousantas, homologein sophon estin hen panta \/ <\/em>\u201eNu pe mine ascult\u00e2ndu-m\u0103, ci <em>logos<\/em>-ul, \u00een\u021belept este s\u0103 spune\u021bi, spun\u00e2nd acela\u0219i lucru cu el, unu toate\u201d. La ce anume se refer\u0103 <em>logos<\/em>-ul despre care vorbe\u0219te Heraclit \u0219i \u00een ce m\u0103sur\u0103 se poate spune c\u0103 el nu este unul care-i apar\u021bine \u00een prim\u0103 instan\u021b\u0103 omului, ci lumii, \u00een raport cu care acesta din urm\u0103 se afl\u0103 dintotdeauna deja? Este <em>logos<\/em>-ul, cu alte cuvinte, ra\u021biune \u0219i calcul uman, vorbire \u0219i discurs, sau se \u00eenr\u0103d\u0103cineaz\u0103 toate acestea pe ceva \u00eenc\u0103 \u0219i mai originar, \u0219i anume raportul nostru cu lumea, \u00een care fiecare dintre termenii raportului emerge ca atare gra\u021bie celuilalt?<\/p>\n<p>Prima \u00eent\u00e2lnire a cursului va fi dedicat\u0103 unei prezent\u0103ri generale a temei \u0219i a celor doi filozofi, pentru ca apoi s\u0103 ne aplec\u0103m at\u00e2t asupra interpret\u0103rii de ansamblu a lui Heidegger asupra filozofilor presocratici, c\u00e2t \u0219i asupra premiselor fundamentale care-l ghideaz\u0103 \u00een demersul s\u0103u, premise din care fac parte critica metafizicii \u0219i a tehnicii, dar \u0219i conceptul de \u201eistorie a fiin\u021bei\u201d.<\/p>\n<p>\u00cen continuarea acestei introduceri, ne vom \u00eendrepta aten\u021bia explicit c\u0103tre problema <em>logos<\/em>-ului, \u00een diversele traduceri ale acestei no\u021biuni, un punct central al demersului nostru fiind raportul dintre fiin\u021b\u0103 \u00een\u021beleas\u0103 ca <em>logos<\/em> \u0219i <em>logos<\/em>-ul care caracterizeaz\u0103 felul uman de a fi. No\u021biunea principal\u0103 pe care ne vom axa va fi <em>hen panta<\/em>, \u201eunu toate\u201d, pentru a vedea cum anume putem ie\u0219i din paradoxul echivalen\u021bei dintre unu \u0219i multiplu. Laolalt\u0103 cu acest demers vom analiza alte dou\u0103 cuvinte care denumesc, \u00een opinia lui Heidegger, \u201efiin\u021ba\u201d la Heraclit, \u0219i anume: <em>physis <\/em>(\u201enatur\u0103\u201d), <em>aletheia<\/em> (\u201eadev\u0103r\u201d), dar \u0219i <em>philia <\/em>(\u201eprietenie\u201d), un concept ontologic intrinsec legat celor dou\u0103.<\/p>\n<p>De-a lungul fiec\u0103rei \u00eent\u00e2lniri a cursului, vom traduce apoi c\u00e2te un cuv\u00e2nt al fragmentului 50, p\u00e2n\u0103 la descifrarea complet\u0103 a acestuia: <em>homologein<\/em> (\u201ea se acorda\u201d, \u201ea spune unul \u0219i acela\u0219i lucru\u201d), <em>akouein<\/em> (\u201ea auzi\u201d, \u201ea asculta\u201d), <em>sophon<\/em>(\u201e\u00een\u021belept\u201d).<\/p>\n<p>Vom \u00eencheia cursul reinterpret\u00e2nd toate aceste no\u021biuni dintr-o perspectiv\u0103 etic\u0103, prin investigarea conceptul de <em>ethos<\/em> \u00een traducerea lui Heidegger. Filozoful german consider\u0103 c\u0103 <em>ethosul<\/em> se manifest\u0103 drept \u201eloc al ad\u0103st\u0103rii\u201d, care nu poate fi altul dec\u00e2t raportul dintre noi \u0219i lume \u00een\u021beles ca <em>logos<\/em>.<\/p>\n<p>De\u0219i cursul vizeaz\u0103 explicit cuvintele \u00een greac\u0103 prezente \u00een fragmentul lui Heraclit \u0219i traducerea lor \u00een german\u0103 de c\u0103tre Heidegger, nu este necesar\u0103 o cunoa\u0219tere prealabil\u0103 a acestor dou\u0103 limbi pentru a lua parte la curs. Vom analiza pe larg aceste concepte \u00eentr-o manier\u0103 hermeneutic\u0103, ele devenind astfel accesibile \u0219i celor care nu s-au mai \u00eent\u00e2lnit cu greaca ori germana, put\u00e2nd servi totodat\u0103 ca punct de plecare pentru o familiarizare filozofic\u0103 cu aceste dou\u0103 limbi.<\/p>\n<p><strong>\u00a0<\/strong><strong>\u00a0<\/strong><\/p>\n<p><strong>Literatur\u0103 principal\u0103:<\/strong><\/p>\n<p><strong>HEIDEGGER<\/strong>:<\/p>\n<p><strong>Texte analizate la curs \u0219i concepte:<\/strong><\/p>\n<p>\u2013 <em>Aletheia (Heraclitus, Fragment B 16)<\/em>, \u00een <em>Early Greek Thinking. The Dawn of Western Philosophy<\/em>, tr. D. F. Krell, F. A. Capuzzi, Harper &amp; Row, New York, 1984, pp. 102 \u2013 123 [<em>aletheia<\/em> pornind de la povestea lui Ulise, <em>physis<\/em>, <em>philia<\/em>].<\/p>\n<p>\u2013 <em>Logos (Heraclitus, Fragment B 50)<\/em>, \u00een <em>Early Greek Thinking. The Dawn of Western Philosophy<\/em>, tr. D. F. Krell, F. A. Capuzzi, Harper &amp; Row, New York, 1984, pp. 59 \u2013 78 [<em>legein<\/em> ca str\u00e2ngere laolalt\u0103, <em>logos <\/em>\u0219i limb\u0103, tema auzului, <em>hen panta<\/em>,<em>homologein<\/em>].<\/p>\n<p>\u2013 <em>What is Philosophy?<\/em>, tr. J. T. Wilde, W. Kluback, Rowman &amp; Littlefield Publishers, Oxford, 2003 [despre <em>homologein<\/em>, <em>philein<\/em>, tema auzului, a afectivit\u0103\u021bii, a faptului de a fi in acord cu <em>Logos<\/em>-ul, \u0219i evident cea a filozofiei].<\/p>\n<p>&nbsp;<\/p>\n<p><strong>Texte conexe \u0219i conceptele:<\/strong><\/p>\n<p>\u2013 \u201eDoctrina lui Platon despre adev\u0103r\u201d, \u00een <em>Repere pe drumul g\u00eendirii<\/em>, tr. G. Liiceanu \u0219i Th. Kleininger, Ed. Politic\u0103, Bucure\u0219ti, 1988:<\/p>\n<ul>\n<li>161 \u2013 202 [raportul <em>aletheia \/ adev\u0103r <\/em>\u0219i transformarea lui <em>aletheia<\/em> la Platon, diferit\u0103 de g\u00e2ndirea presocratic\u0103];<\/li>\n<li><em>nota introductiv\u0103<\/em>, pp. 167 \u2013 168 [critica lui Paul Friendl\u00e4nder la interpretarea lui <em>a- din aletheia<\/em> ca <em>a-<\/em> privativ].<\/li>\n<\/ul>\n<p>&nbsp;<\/p>\n<p>\u2013 <em>Introducere \u00een metafizic\u0103<\/em>, tr. G. Liiceanu, Th. Kleininger, Humanitas, Bucure\u0219ti, 1999:<\/p>\n<p>&#8211; \u00a7\u00a7 9 \u2013 10, pp. 48 \u2013 56 [\u00een special pp. 51 \u2013 53, despre valen\u021bele participiului verbal prezent \u0219i diferen\u021ba ontologic\u0103]; despre aceea\u0219i tem\u0103 v. \u0219i \u00a7\u00a7 31 \u2013 33;<\/p>\n<p>&#8211; \u00a7\u00a7 21 \u2013 22, pp. 91 \u2013 103 [\u00een special pp. 100 \u2013 101, despre cele trei radicaluri ale verbului <em>a fi,<\/em> printre care cel pentru <em>physis<\/em> \u0219i <em>wesen<\/em>; pentru aprofundarea chestiunii gramaticii, a verbului, substantivului etc., cu ref. la fiin\u021b\u0103\/fiin\u021bare\/participiu, v. \u0219i \u00a7\u00a7 18 \u2013 19];<\/p>\n<p>&#8211; \u00a7 20 [despre <em>polemos<\/em> la Heraclit];<\/p>\n<p>&#8211; \u00a7\u00a7 46 \u2013 40, pp. 160 \u2013 186 [<em>logos<\/em>, <em>legein<\/em>, <em>physis<\/em> la Heraclit; raportul <em>physis<\/em> \/ <em>logos<\/em> cu referire la Parmenide];<\/p>\n<p>&#8211; \u00a7 55, pp. 234 \u2013 250 [<em>logos<\/em>, <em>physis<\/em>, <em>aletheia <\/em>\u0219i transformarea lor \u00een istoria filozofiei].<\/p>\n<p>&nbsp;<\/p>\n<p>\u2013 <em>Parmenide<\/em>, tr. B. Minc\u0103, S. Lavric, Humanitas, Bucure\u0219ti, 2001:<\/p>\n<p>&#8211; \u00a7 1 Recapitulare 1; \u00a7 1b; \u00a7 1 Recapitulare 2, pp. 19 \u2013 37 [despre problema traducerii ca atare, cu referire la traducerile din greac\u0103];<\/p>\n<p>&#8211; \u00a7 2, <em>O prim\u0103 medita\u021bie asupra preschimb\u0103rii suferite de esen\u021ba adev\u0103rului \u0219i asupra opusului acestei esen\u021be<\/em>, pp. 39 \u2013 54 [despre etimologia cuvantului <em>aletheia<\/em>, referin\u021ba la Ulise];<\/p>\n<p>&#8211; \u00a7 3, Clarificarea preschimb\u0103rii suferite de <em>aletheia<\/em> \u0219i a preschimb\u0103rii suferite de opusul ei (<em>veritas, certitudo, rectitudo, iustitia, adev\u0103r, dreptate \u2013 lehte, pseudos, falsum, incorectitudine, falsitate<\/em>), pp. 60 \u2013 71;<\/p>\n<p>&#8211; v. \u0219i \u00a7 3, Recapitulare 1 &amp; 2, pp. 71 \u2013 91 [problema adev\u0103rului \u00een raport cu <em>falsul<\/em> la nivel ontologic].<\/p>\n<p>&#8211; \u00a7 7, <em>Ultima rostire a lumii grece\u0219ti despre opusul ascuns al lui aletheia, cu alte cuvinte despre lethe (II). Mitul final din Politeia lui Platon. C\u00e2mpul lui lethe<\/em>, pp. 221 \u2013 228.<\/p>\n<p>&nbsp;<\/p>\n<p>\u2013 \u201eSistemul filozofic \u0219i constituirea lui \u00een epoca modern\u0103\u201d, tr. G. Liiceanu, \u00een F. W. Schelling, \u201eFilozofia artei\u201d, tr. R. G. P\u00e2rvu<strong>, <\/strong>Ed. Meridiane, Bucure\u0219ti, 1992, pp. 536 \u2013 553 [despre <em>sistem<\/em> \u0219i cele trei tipuri de ordine, i.e. de str\u00e2ngere laolalt\u0103 posibile].<\/p>\n<p>&nbsp;<\/p>\n<p>\u2013 \u201eThe Principle of Identity\u201d, \u00een <em>Identity and Difference<\/em>, tr. J. Stambaugh, Harper &amp; Row, New York, 1969, pp. 23 \u2013 41 [v. pp. 23 \u2013 38: despre diferen\u021ba dintre cele dou\u0103 tipuri de identitate, <em>das Selbe (unul \u0219i acela\u0219i lucru) \/ das Gleiche (identic)<\/em>].<\/p>\n<p>&nbsp;<\/p>\n<p>\u2013 Sf\u00e2r\u0219itul filozofiei \u0219i sarcina g\u00e2ndirii, \u00een <em>Despre miza g\u00e2ndirii<\/em>, tr. C. Cioab\u0103, G. Cercel, G. Lep\u0103datu, Humanitas, Bucure\u0219ti, pp. 107 \u2013 135 [despre <em>aletheia<\/em> \u0219i \u00eentregul raport al lui Heidegger cu filozofia greac\u0103 \u0219i grecii prin aceast\u0103 tem\u0103].<\/p>\n<p>&nbsp;<\/p>\n<p>\u2013 Beaufret, Jean, <em>Dialogue with Heidegger. Greek Philosophy<\/em>, tr. M. Sinclair, Indiana University Press, Bloomington, 2006 [cap. <em>Heraclitus and Parmenides<\/em>, pp. 20 \u2013 31, introductiv].<\/p>\n<p>&nbsp;<\/p>\n<p>\u2013 Martin Heidegger &amp; Eugen Fink, <em>Heraclitus Seminar<\/em>, tr. Ch. H. Seibert, The University of Alabama Press, 1979 [cap<em>. Hermeneutical Circle. Relatedness of hen and panta<\/em>, pp. 15 \u2013 25].<\/p>\n<p><strong>\u00a0<\/strong><\/p>\n<p><strong>HERACLIT<\/strong>:<\/p>\n<ul>\n<li><em>Filozofia greac\u0103 p\u00e2n\u0103 la Platon<\/em>, \u0218tiin\u021bific\u0103 \u0219i Enciclopedic\u0103, Bucure\u0219ti, 1979, vol. I, partea a II-a, sec\u021biunea a V-a, trad. A. Piatkowski, I. Banu.<\/li>\n<li>H\u00e9raclite, <em>Fragments<\/em>, Texte \u00e9tabli, traduit, comment\u00e9 par Marcel Conche, Paris, Presses Universitaires de France, 1986.<\/li>\n<li>Diels, H., Kranz, W., <em>Die Fragmente der Vorsokratiker<\/em>, Z\u00fcrich, Weidmann, 1996 \u2013 1998.<strong>\u00a0<\/strong><\/li>\n<\/ul>\n<p><strong>\u00a0<\/strong><\/p>\n<p><strong>Literatur\u0103 secundar\u0103:<\/strong><\/p>\n<p><strong>ROM\u00c2N\u0102<\/strong><\/p>\n<p>Minc\u0103, Bogdan, <em>Scufund\u0103torii din Delos<\/em>, Humanitas, Bucure\u0219ti, 2010:<\/p>\n<ul>\n<li><em>Introducere <\/em>(pp. 9 \u2013 68);<\/li>\n<li>II, <em>Heraclit \u0219i al s\u0103u Logos<\/em>, pp. 110 \u2013 219;<\/li>\n<li>15, <em>Drumul adev\u0103rului (I): Anaximandru, Heraclit, Parmenide<\/em> (pp. 358 \u2013 383).<\/li>\n<\/ul>\n<p>Biemel, Walter, <em>Heidegger<\/em>, tr. Th. Kleininger, Humanitas, Bucure\u0219ti, 2006:<\/p>\n<ul>\n<li><em>\u00centrebarea privitoare la adev\u0103r<\/em>, pp. 87 \u2013 95 [ca rezumat al chestiunii lui <em>aletheia<\/em>];<\/li>\n<li><em>\u00centrebarea privitoare la adev\u0103r \u00een \u201eDespre esen\u021ba adev\u0103rului\u201d <\/em>[doar pentru cei care vor s\u0103 aprofundeze <em>aletheia<\/em>presocratic\u0103 \u00een corela\u021bie cu problema adev\u0103rului \u0219i transform\u0103rile suferite de aceasta de-a lungul istoriei filozofiei].<\/li>\n<\/ul>\n<p>&nbsp;<\/p>\n<p><strong>ENGLEZ\u0102<\/strong><\/p>\n<p>Fink, Eugen, <em>Play as Symbol of the World and Other Writings<\/em>, tr. I. A. Moore &amp; Ch. Turner, Indiana University Press,Bloomington\/Indianapolis (Indiana), 2016, cap. I, <em>Play as a Philosophical Problem<\/em>, pp. 35 \u2013 79 [despre concepte fundamentale ale lui Heraclit \u00een corela\u021bie cu problematica jocului].<\/p>\n<p>&nbsp;<\/p>\n<p>Sheehan, Thomas, \u201eIntroduction: Heidegger, the Project and the Fulfillment\u201d, \u00een Th. Sheehan (ed.), <em>Heidegger. The Man and the Thinker<\/em>, Precedent Publishing, Chicago, 1981, pp. <em>vii \u2013 xx<\/em> [introductiv].<\/p>\n<p>&nbsp;<\/p>\n<p>Derrida, Jacques, \u201eHeidegger\u2019s Ear. Philopolemology (Geschlecht IV)\u201d, tr. J. P. Leavey, Jr., \u00een J. Sallis (ed.), <em>Reading Heidegger. Commemorations<\/em>, Indiana University Press, Bloomington\/ Indianapolis, pp. 163 \u2013 218, dintre care doar subcap. 2, pp. 179 \u2013 196 [comentariu la Heraclit, <em>philia<\/em> \u0219i <em>akouein<\/em>, \u201eauz\u201d, cu referire mai ales la conf. lui Heideger <em>Ce este aceasta \u2013 filozofia?<\/em>]<\/p>\n<p>Fr.\u00a0: Derrida, Jacques, <em>Politiques de l\u2019amiti\u00e9<\/em>, Ed. Galil\u00e9e, Paris, 1994, cap. <em>L\u2019oreille de Heidegger,<\/em> <em>Philopol\u00e9mologie (Geschlecht IV)<\/em>, subcap. 2, <em>L\u2019avoir, l\u2019\u00eatre et l\u2019autre: Tendre l\u2019oreille, accorder ce qu\u2019on n\u2019a pas<\/em>, pp. 367 \u2013 390 [referin\u021ba trimite la paginile din <em>pdf<\/em>; \u00een edi\u021bia fizic\u0103 este posibil ca numerele s\u0103 difere].<\/p>\n<p>&nbsp;<\/p>\n<p><strong>FRANCEZ\u0102<\/strong><\/p>\n<p>Cohen, Joseph, \u201e<em>Logos<\/em> \u2212 <em>Aletheia<\/em> \u2013 <em>Philein<\/em>\u201d, \u00een Christophe Perrin (ed.), <em>Qu\u2019appelle-t-on la pens\u00e9e\u00a0? Le philosopher heidegg\u00e9rien<\/em>, Zeta Books, Bucure\u0219ti, 2014, pp. 167 \u2013 185.<\/p>\n<p>&nbsp;<\/p>\n<p>Dastur, Fran\u00e7oise, <em>Heidegger. La question du logos<\/em>, Librairie Philosophique J. Vrin, Paris, 2007:<\/p>\n<ul>\n<li>III, subcap. <em>La notion de Stimmung et son r\u00f4le dans la pens\u00e9e de Heidegger<\/em>, pp. 108 \u2013 119 [despre afectivitate la Heidegger (<em>Stimmung<\/em>) \u00een raport cu \u201eauzul\u201d si \u201evocea\u201d, \u00een str\u00e2ns\u0103 leg\u0103tur\u0103 cu <em>akouein<\/em> de la Heraclit];<\/li>\n<li>V, subcap. <em><u>Le sens originel du logos<\/u><\/em>, pp. 153 \u2013 163.<\/li>\n<\/ul>\n<p>&nbsp;<\/p>\n<p>Franck, Didier, <em>Le nom et la chose. Langue et v\u00e9rit\u00e9 chez Heidegger<\/em>, Librairie Philosophique J. Vrin, Paris, 2017:<\/p>\n<ul>\n<li><u> VI &amp; VII<\/u>, pp. 86 \u2013 106 [despre <em>legein<\/em> \u00een multiplele sale \u00een\u021belesuri, <em>hen panta<\/em>, frg. 50 \u0219i <em>aletheia<\/em>].<\/li>\n<\/ul>\n<p>&nbsp;<\/p>\n<p>Haar, Michel, <em>La fracture de l\u2019histoire. Douze essais sur Heidegger<\/em>, J\u00e9r\u00f4me Millon, Grenoble, 1994:<\/p>\n<ul>\n<li>12, <em>La m\u00e9taphysique inachevable?<\/em>, pp. 293 \u2013 295 [critica la demersul lui Heidegger de a echivala dimensiunea manifesta din <em>aletheia<\/em> cu cea a <em>physis<\/em>-ului \u0219i argumentele lui Haar pentru a citi <em>aletheia<\/em> dinspre <em>physis<\/em>].<\/li>\n<\/ul>\n<p>&nbsp;<\/p>\n<p>Zarader, Marl\u00e8ne, <em>Heidegger et les paroles de l\u2019origine<\/em>, Librairie Philosophique J. Vrin, Paris, 1986:<\/p>\n<ul>\n<li>I, <em>Physis, ou l\u2019essence initiale de l\u2019\u00eatre<\/em>, pp. 35 \u2013 47 [despre <em>physis<\/em>, frg. 16 \u0219i <em>philia<\/em>, frg. 123];<\/li>\n<li>II, <em><u>Aletheia, ou l\u2019essence initiale de la v\u00e9rit\u00e9<\/u><\/em>, \u00a7 2 (pp. 60 \u2013 67) [ca introducere in <em>aletheia<\/em>, relu\u00e2nd temele discutate la curs]; \u00a7 1 &amp; 3 (pp. 50 \u2013 60 &amp; 69 \u2013 82) [doar pentru aprofundarea <em>aletheia<\/em> \u00een raport cu conceptul de adev\u0103r \u0219i transformarea sa \u00een traditi\u021bia filozofic\u0103];<\/li>\n<li>III, <em><u>H\u00e9raclite: Logos, ou le recueil<\/u><\/em>, \u00a7 2, pp. 162 \u2013 172.<\/li>\n<\/ul>\n<p>&nbsp;<\/p>\n<p><strong>GERMAN\u0102<\/strong><\/p>\n<p>Espinet, David, <em>Ph\u00e4nomenologie des H\u00f6rens. Eine Untersuchung im Ausgang von Martin Heidegger<\/em>, T\u00fcbingen, Mohr Siebeck, 2016.<\/p>\n<p>&nbsp;<\/p>\n<p>Held, Klaus, <em>Heraklit, Parmenides und der Anfang von Philosophie und Wissenschaft. Eine ph\u00e4nomenologische Besinnung<\/em>, Berlin, Walter de Gruyter, 1980 [despre Heraclit \u00een alte interpret\u0103ri dec\u00e2t cele ale lui Heidegger].<\/p>\n<p>&nbsp;<\/p>\n<p>Trawny, Peter, \u00ab\u00a0Da\u00df Eines Alles ist. Zum <em>Logos<\/em> im Denken Martin Heideggers\u00a0\u00bb, in Hans-Christian G\u00fcnther, Antonios Rengakos (ed.), <em>Heidegger und die Antike<\/em>, M\u00fcnchen, Verlag C. H. Beck, 2006, pp. 87 \u2013 133 [despre \u00eentreaga interpretare a lui Heidegger la Heraclit, centrat\u0103 cu prec\u0103dere pe tema <em>logos<\/em>-ului \u0219i a fragmentului 50].<\/p>\n<p>&nbsp;<\/p>\n<p><strong>DIC\u021aIONARE<\/strong><\/p>\n<p>Chantraine, Pierre, <em>Dictionnaire \u00e9tymologique de la langue grecque. <\/em><em>Histoire des mots<\/em>, Librairie C. Klincksieck, Paris, 1968 \u2013 1980.<\/p>\n<p>Liddell, H. G., Scott, R., Jones, H. St., <em>A Greek \u2013 English Lexicon<\/em>, Clarendon Press, Oxford, 1996.<\/p>\n<p><strong>\u00a0<\/strong><\/p>\n<p><strong>Evaluarea cursului:<\/strong><strong>\u00a0<\/strong><\/p>\n<p>Eseu argumentativ<\/p>\n<p>Dimensiuni: cel pu\u021bin 5 pagini, Times New Roman 12, Interval 1,5<\/p>\n<p>(Structur\u0103: Introducere \/ Cuprins \/ \u00cencheiere \/ Bibliografie)<\/p>\n<p><em>\u00a0 \u00a0sau<\/em><\/p>\n<p>Prezentare oral\u0103<\/p>\n<p>(Colocviu, preg\u0103tirea unei teme \u0219i discu\u021bii pe baza acesteia)<\/p>\n<p>&nbsp;<\/p>\n<p><strong>Teme posibile pentru eseu \/ prezentare oral\u0103:<\/strong><\/p>\n<ol>\n<li><em>Logos <\/em>\u0219i <em>legein: \u201estr\u00e2ngere-laolalt\u0103, vorbire\u201d<\/em> \u0219i alte traduceri filozofice;<\/li>\n<li>Diferen\u021ba ontologic\u0103, valen\u021bele participiului prezent \u0219i raportul fiin\u021b\u0103 \/ fiin\u021bare;<\/li>\n<li><em>Hen panta: \u201eunu-toate\u201d<\/em>;<\/li>\n<li><em>Physis: \u201eie\u0219ire la iveal\u0103\u201d<\/em>;<\/li>\n<li><em>Aletheia: \u201estare de neascundere \/ ie\u0219ire din ascundere\u201d<\/em>;<\/li>\n<li><em>Philia: \u201efaptul de a fi pentru o alteritate\u201d, \u201eraportul ie\u0219ire la iveal\u0103 \/ ascundere\u201d<\/em>;<\/li>\n<li><em>Philia<\/em> \u0219i problema ospitalit\u0103\u021bii;<\/li>\n<li><em>Homologein <\/em>\u0219i<em> akouein: \u201ea spune unul \u0219i acela\u0219i lucru cu Logos-ul\u201d<\/em> \u0219i <em>\u201ea asculta<\/em>\u201d;<\/li>\n<li><em>Sophon \u0219i philo-sophia<\/em>;<\/li>\n<li>Problema traducerii din greac\u0103;<\/li>\n<li>Raportul dintre <em>Logos ca Hen Panta, Aletheia<\/em> \u0219i <em>Physis<\/em>, elemente comune \u0219i deosebiri;<\/li>\n<li>Transform\u0103rile suferite de <em>aletheia <\/em>\/ <em>physis <\/em>\u0219i \/ sau <em>logos<\/em> \u00een istoria filozofiei.<\/li>\n<\/ol>\n","protected":false},"excerpt":{"rendered":"<p>&nbsp; Dr. M\u0103d\u0103lina Guzun \u00a0 Heidegger \u0219i Heraclit Anul universitar 2019 \u2013 2020, Semestrul I &nbsp; Prezentarea cursului Cursul de fa\u021b\u0103 \u00ee\u0219i propune o nou\u0103 abordare a temei logos-ului, a\u0219a cum apare la Heraclit \u00een interpretarea lui Martin Heidegger. Fragmentul heraclitean pe care \u00eel vom urm\u0103ri de-a lungul cursului va fi Fragmentul 50, Ouk emou,&hellip;<\/p>\n","protected":false},"author":1,"featured_media":0,"parent":0,"menu_order":0,"comment_status":"closed","ping_status":"closed","template":"","meta":{"footnotes":""},"class_list":["post-575","page","type-page","status-publish","hentry"],"_links":{"self":[{"href":"https:\/\/csf.filosofie.unibuc.ro\/index.php?rest_route=\/wp\/v2\/pages\/575","targetHints":{"allow":["GET"]}}],"collection":[{"href":"https:\/\/csf.filosofie.unibuc.ro\/index.php?rest_route=\/wp\/v2\/pages"}],"about":[{"href":"https:\/\/csf.filosofie.unibuc.ro\/index.php?rest_route=\/wp\/v2\/types\/page"}],"author":[{"embeddable":true,"href":"https:\/\/csf.filosofie.unibuc.ro\/index.php?rest_route=\/wp\/v2\/users\/1"}],"replies":[{"embeddable":true,"href":"https:\/\/csf.filosofie.unibuc.ro\/index.php?rest_route=%2Fwp%2Fv2%2Fcomments&post=575"}],"version-history":[{"count":9,"href":"https:\/\/csf.filosofie.unibuc.ro\/index.php?rest_route=\/wp\/v2\/pages\/575\/revisions"}],"predecessor-version":[{"id":759,"href":"https:\/\/csf.filosofie.unibuc.ro\/index.php?rest_route=\/wp\/v2\/pages\/575\/revisions\/759"}],"wp:attachment":[{"href":"https:\/\/csf.filosofie.unibuc.ro\/index.php?rest_route=%2Fwp%2Fv2%2Fmedia&parent=575"}],"curies":[{"name":"wp","href":"https:\/\/api.w.org\/{rel}","templated":true}]}}