{"id":618,"date":"2020-10-08T15:15:39","date_gmt":"2020-10-08T13:15:39","guid":{"rendered":"https:\/\/csf.filosofie.unibuc.ro\/?page_id=618"},"modified":"2020-11-20T17:09:46","modified_gmt":"2020-11-20T15:09:46","slug":"lucrari-de-licenta-in-fenomenologie","status":"publish","type":"page","link":"https:\/\/csf.filosofie.unibuc.ro\/?page_id=618","title":{"rendered":"Lucr\u0103ri de licen\u021b\u0103 \u00een fenomenologie"},"content":{"rendered":"<p>&nbsp;<\/p>\n<p><a href=\"https:\/\/csf.filosofie.unibuc.ro\/wp-content\/uploads\/2020\/11\/Cristina-Dumitru-Licenta-Raportul-Eros-Logos.pdf\">Cristina Dumitru, <em>Raportul Eros-Logos. O c\u0103l\u0103torie \u00een afara cet\u0103\u021bii,<\/em>\u00a0Iunie 2020<\/a><\/p>\n","protected":false},"excerpt":{"rendered":"<p>&nbsp; Cristina Dumitru, Raportul Eros-Logos. O c\u0103l\u0103torie \u00een afara cet\u0103\u021bii,\u00a0Iunie 2020<\/p>\n","protected":false},"author":1,"featured_media":0,"parent":0,"menu_order":0,"comment_status":"closed","ping_status":"closed","template":"","meta":{"footnotes":""},"class_list":["post-618","page","type-page","status-publish","hentry"],"_links":{"self":[{"href":"https:\/\/csf.filosofie.unibuc.ro\/index.php?rest_route=\/wp\/v2\/pages\/618","targetHints":{"allow":["GET"]}}],"collection":[{"href":"https:\/\/csf.filosofie.unibuc.ro\/index.php?rest_route=\/wp\/v2\/pages"}],"about":[{"href":"https:\/\/csf.filosofie.unibuc.ro\/index.php?rest_route=\/wp\/v2\/types\/page"}],"author":[{"embeddable":true,"href":"https:\/\/csf.filosofie.unibuc.ro\/index.php?rest_route=\/wp\/v2\/users\/1"}],"replies":[{"embeddable":true,"href":"https:\/\/csf.filosofie.unibuc.ro\/index.php?rest_route=%2Fwp%2Fv2%2Fcomments&post=618"}],"version-history":[{"count":5,"href":"https:\/\/csf.filosofie.unibuc.ro\/index.php?rest_route=\/wp\/v2\/pages\/618\/revisions"}],"predecessor-version":[{"id":713,"href":"https:\/\/csf.filosofie.unibuc.ro\/index.php?rest_route=\/wp\/v2\/pages\/618\/revisions\/713"}],"wp:attachment":[{"href":"https:\/\/csf.filosofie.unibuc.ro\/index.php?rest_route=%2Fwp%2Fv2%2Fmedia&parent=618"}],"curies":[{"name":"wp","href":"https:\/\/api.w.org\/{rel}","templated":true}]}}